 -u - 2*w = -16. Calculate the greatest common divisor of 72 and u.
8
Suppose 3*w = 3*o + 12, -3*w + o - 1 = -11. What is the greatest common divisor of 24 and w?
3
Suppose -5*f = -g + 18, g + g - 2*f = 20. Calculate the highest common factor of 36 and g.
4
Suppose 3*f = -5*u + 8, 4*u = f + f - 20. Calculate the greatest common factor of f and 18.
6
Let u = 163 + -86. Suppose 4*v + 3*m = 50, v + m + 4*m - 21 = 0. What is the highest common factor of v and u?
11
Let b(w) = -2*w**3 + 11*w**2 + 6*w**3 + 3 - 3*w**3 - 7*w. Let m be 31/(-3) + 6/(-9). Let i be b(m). What is the greatest common divisor of 10 and i?
10
Let d be 4 + (-8 - -4) + 60. What is the highest common factor of 40 and d?
20
Suppose w + 3*a - 18 = 0, -4*w + 7*a = 2*a - 55. Let x = 4 - 10. Let s be (-3 + (-14)/x)*-9. Calculate the highest common factor of w and s.
3
Let f be (-44)/(1 + -5) - -2. Suppose -3*r + 33 = -g + 4*g, -35 = -4*r + 5*g. Let z = 3 + r. What is the highest common factor of z and f?
13
Let o be ((-12)/14)/(4/(-28)). Let n(f) = -71*f - 5. Let a be n(-1). Calculate the greatest common divisor of a and o.
6
Let d be 5 + -7 - -3*2. Suppose -5*w + d*w = 4*y - 31, -25 = -5*y. Calculate the greatest common divisor of 88 and w.
11
Let j be (-6)/(-8)*-2*-18. Calculate the highest common factor of j and 81.
27
Let t(i) = i + 12. Let a be t(-7). What is the greatest common factor of 10 and a?
5
Suppose -4*y - 4 = 8, -l - 3*y = -13. What is the highest common divisor of l and 33?
11
Let q(b) = b**3 + 6*b**2 - 3*b - 2. Let n be q(-6). What is the greatest common divisor of n and 40?
8
Suppose 5 = -5*s, -5*m + 3 + 4 = 3*s. Let j = 8 + -5. Suppose -2*x + m*c + 30 = 0, j*c + c = -4. What is the greatest common divisor of 2 and x?
2
Suppose -c = -2*c + 4*b + 7, -3*b + 35 = 5*c. Let d(y) = y**3 + 18*y**2 + 13*y - 19. Let h be d(-17). What is the greatest common divisor of h and c?
7
Suppose 4*p - 2 = 2. Let j be -2 + (p - 1) + 20. What is the highest common factor of 27 and j?
9
Suppose -q + 20 = -34. What is the greatest common divisor of q and 18?
18
Let x = 31 + -16. Calculate the greatest common divisor of 30 and x.
15
Let j = 55 - 39. Suppose -j = -3*g + 26. Calculate the highest common divisor of 126 and g.
14
Let r be 112/6 - 4/6. Let p(c) = -c + 1. Suppose 1 = 2*i + 3. Let v be p(i). Calculate the greatest common factor of r and v.
2
Suppose z = -0*z + 15. Let k(v) = 120*v**2 - v - 1. Let u be k(-1). Calculate the greatest common divisor of u and z.
15
Let f(c) = -c**3 - 2*c**2 - 9*c - 3. Let k be f(-5). Calculate the greatest common divisor of k and 13.
13
Let j be (-1 + 30)/(-1 + 2). Let l = 47 - j. Calculate the highest common factor of l and 6.
6
Suppose -23*b - 450 = -28*b. Calculate the greatest common factor of b and 36.
18
Let k be 16/12*(-3)/(-2). Suppose -5*v = -6*v + 8. What is the highest common factor of k and v?
2
Let l = 245 - 69. Calculate the greatest common divisor of 16 and l.
16
Let s = 7 + -15. Suppose -t + 5*t + 48 = 4*o, -3*t - 2*o = 41. Let r = s - t. What is the highest common divisor of 1 and r?
1
Let q = -14 - -25. Let k(d) = -14*d + 2. Let h be k(-3). Calculate the greatest common divisor of q and h.
11
Let s(i) = i**2 + 7*i + 9. Let d be s(-6). Let k = 5 - -10. Let h(c) = c - 14. Let l be h(k). What is the greatest common factor of l and d?
1
Suppose -3*x + 87 = 3*j - 0*x, 4 = 4*x. Calculate the highest common factor of j and 42.
14
Let h(x) = 2*x**2 + 2*x + 2. Let m be h(-3). Let a = 3 + 0. Suppose p = a*p - 14. Calculate the highest common factor of p and m.
7
Let w(u) = 7*u - 3. Let n be w(1). Calculate the greatest common factor of n and 6.
2
Suppose 3*i - 6*i + 120 = 0. Let d be 3*(i/(-6))/(-2). Let u = d - -4. What is the greatest common factor of u and 126?
14
Let z(h) = -h**2 + 30*h - 13. Let x be z(21). What is the greatest common factor of 16 and x?
16
Let i(j) = -j**2 - 7*j. Let l be i(-3). What is the greatest common divisor of l and 12?
12
Suppose 0 = 3*n - 2*n - 4*c + 4, -2*n - 5*c = -57. Calculate the highest common divisor of n and 40.
8
Suppose 3*d - d - 24 = 0. Let r be (-12)/(2 - (-7)/(-3)). Calculate the highest common divisor of d and r.
12
Suppose 0 = t - 5 - 0. Suppose 4 = 4*u, 3*u = 2*n + t*u - 6. Calculate the greatest common factor of 2 and n.
2
Suppose 0 = -2*x + 5*o + 31, -x - 7 = 2*o - 0. Let y = x - 2. Let p be 10*(-6)/(-4)*y. What is the highest common factor of 6 and p?
3
Suppose -5*w + 119 = -2*q - 30, -5*w + 152 = -q. What is the greatest common divisor of 31 and w?
31
Let s be (-3)/15*-33 + 2/5. What is the highest common factor of s and 77?
7
Suppose 0 = -3*y - 327 - 204. Let d = y + 287. Let q be ((-1)/2)/((-1)/20). What is the highest common divisor of q and d?
10
Let v(f) = -f**3 + 17*f**2 + 4. Let a be v(17). Calculate the highest common divisor of 1 and a.
1
Let q = -9 - -29. What is the greatest common divisor of 50 and q?
10
Let t be (-2)/(3 + 453/(-150)). What is the highest common factor of t and 20?
20
Let z = 11 + -8. Let w = 27 - z. Calculate the highest common factor of 12 and w.
12
Let b = -1 + 1. Let n be 2 - (-3 + 2 + b). Suppose n*m - 6*m = -24. Calculate the greatest common factor of 1 and m.
1
Let t = 10 + -7. Let z = -85 - -88. Suppose 6 = -z*b, 2*b + 160 = 3*a - t*b. What is the highest common divisor of a and 20?
10
Suppose 4*f - 2*t - 32 = 0, -2*t + 2 = -f + t. Suppose 0*s = 5*s + 90. Let r be (s/f)/(6/(-30)). What is the highest common divisor of r and 9?
9
Suppose -5*j - 4*k = k - 5, 0 = -j - 2*k - 1. Calculate the greatest common factor of 12 and j.
3
Suppose -5*c + c + 28 = 0. Let s = -236 - -257. What is the highest common factor of c and s?
7
Let w be 3 - (-2 - 46) - 3. What is the highest common factor of 6 and w?
6
Let k = 35 + -19. Let z(i) = -17*i - 1. Let g be z(-1). What is the highest common divisor of k and g?
16
Let o(t) = -9*t + 6. Let s be o(-5). Let k = s - 17. Let m(r) = r**3 + 5*r**2 - 1. Let b be m(-3). Calculate the greatest common divisor of k and b.
17
Suppose 3*d = 7 + 98. Suppose -q - 9 = p, q - 5*p = -2*q - d. Let y be 2 + (2/2 - q). Calculate the greatest common divisor of y and 117.
13
Suppose -4*d + d + 90 = 0. Calculate the greatest common divisor of 20 and d.
10
Let p be 1 + 2/(2/7). Let l be (5 + -7)/(-1 - (-31)/32). Calculate the greatest common divisor of p and l.
8
Suppose -3*a + 7 = -5. Let g be -3 - (1 + (-2)/2). Let q = a + g. Calculate the highest common divisor of q and 11.
1
Let j(w) = 4*w**2 - 4*w + 3. Let l(q) = -q**2 + 4*q + 7. Let c be l(5). Let x be j(c). Calculate the highest common divisor of 121 and x.
11
Suppose 2*a - 4*a + 2 = 0. Let q = -31 + 34. What is the highest common divisor of a and q?
1
Let p = 23 + -10. Suppose -58 = -2*t + 2*x, 5*x = -t + p - 2. Calculate the greatest common divisor of t and 39.
13
Let f(k) = k**3 + 2*k**2. Let z be f(-2). Suppose z = g + 1 - 2. Let r be (-5)/(-7) + 6/21. What is the greatest common factor of r and g?
1
Suppose 58 = 4*q - 6. Calculate the highest common divisor of 16 and q.
16
Let r(j) = 2*j**3 - j**2 + 3*j - 1. Let c be r(2). Suppose 2*y + 106 = 4*f, 2*f - 80 = -y - c. Let p = 3 + f. What is the highest common divisor of 8 and p?
8
Let a be 20*(-1)/(6/(-9)). Let b be (-4)/(-8) + (-39)/(-2). Calculate the highest common factor of a and b.
10
Let r(l) be the first derivative of l**3/3 + l - 2. Let j be r(1). Suppose -o + 3 - j = 0. What is the greatest common divisor of 7 and o?
1
Suppose 4*q - 32 = -0*q. What is the highest common divisor of 64 and q?
8
Suppose a - 133 = 11. Suppose -6*p + a = -2*p. Calculate the highest common factor of 12 and p.
12
Let g be 24/(-4)*(-6)/4. Suppose 5*t - g = -4. Calculate the highest common factor of 11 and t.
1
Let y be (15/2)/(9/24). Calculate the greatest common factor of 10 and y.
10
Let u be 2/(-6) - (-246)/9. Let k be (-4)/18 - (-222)/u. What is the highest common factor of 88 and k?
8
Let q be (45/12)/(-3)*-4. Let h = 18 - q. Calculate the highest common divisor of 143 and h.
13
Let j be 1 - -106 - (-66)/22. What is the highest common divisor of j and 10?
10
Let r be (-3)/3*2*-2. Suppose r - 12 = -3*k - 5*g, -2*k = 2*g - 12. What is the highest common factor of 121 and k?
11
Let p be (-12)/(-9)*(-15)/(-2). Suppose 4*t = -z + 52, -z - 3*t + 19 =